539. Calculate u(-17).
17
Let g(o) = -o**3 - 101*o**2 + 8572*o - 1340. Give g(-156).
-92
Let s(j) = 20*j**2 + 12132*j - 237744. What is s(19)?
-16
Let o(j) = j**3 + 2472*j**2 + 66032*j + 444. What is o(-27)?
-15
Let q(j) = 3841*j - 195908. Calculate q(51).
-17
Let c(l) = -438*l**2 - 3052*l + 30. Give c(-7).
-68
Let c(k) = 83*k**3 + 505*k**2 - 36*k - 17. Determine c(-6).
451
Let v(q) = 30*q**2 - 197*q - 188. Give v(7).
-97
Let l(s) = -3474*s - 69477. What is l(-20)?
3
Let s(r) = 2*r**3 - 124*r**2 - 5514*r - 574. What is s(92)?
-22
Let y(p) = -2*p**3 + 46*p**2 - 237*p + 6104. Determine y(24).
-736
Let y(l) = -265*l + 30218. Give y(116).
-522
Let o(r) = 12*r**3 + 1339*r**2 - 541*r + 2154. Determine o(-112).
26
Let m(h) = -2*h**3 + 523*h**2 + 3484*h - 125. Calculate m(268).
-125
Let w(i) = 7734*i + 177854. What is w(-23)?
-28
Let a(l) = -8*l**2 - 463*l - 5785. What is a(-18)?
-43
Let l(y) = 47*y**2 + 595*y - 253. What is l(-13)?
-45
Let s(f) = 14*f**2 - 1072*f + 20245. What is s(43)?
35
Let j(k) = -1809*k + 26617. Calculate j(15).
-518
Let o(a) = -110*a**2 + 639*a + 53. What is o(6)?
-73
Let m(y) = y**3 + 27*y**2 + 258*y - 2749. Determine m(6).
-13
Let o(g) = 22*g**2 - 3160. Determine o(-12).
8
Let w(s) = -2*s**3 + 24*s**2 + 42304*s - 127074. Calculate w(3).
0
Let g(r) = -1468*r + 32306. Determine g(22).
10
Let b(a) = 3*a**3 + 70*a**2 - 67*a - 124. Determine b(-24).
332
Let p(b) = -b**3 + 56*b**2 - 197*b + 1965. Determine p(53).
-49
Let w(r) = -481*r**3 + 9*r**2 - 12*r - 9. Calculate w(2).
-3845
Let p(s) = -4*s**3 + 165*s**2 + 202*s + 4376. Calculate p(43).
119
Let g(y) = -2*y**3 - 667*y**2 + 19466*y + 115. What is g(27)?
88
Let p(k) = 2019*k + 3118. Give p(0).
3118
Let m(p) = -p**2 + 3143*p - 37636. Determine m(12).
-64
Let y(v) = -18*v**3 + 361*v**2 + 524*v - 10856. What is y(20)?
24
Let f(c) = -151077*c + 8007086. Calculate f(53).
5
Let b(q) = -79821*q - 79760. Determine b(-1).
61
Let b(w) = 232*w**3 - 48*w**2 + 50*w - 2. Determine b(1).
232
Let w(a) = 82*a**2 - 442*a - 5046. What is w(11)?
14
Let x(l) = -45*l**2 - 368*l + 344. Give x(-9).
11
Let a(p) = -111*p**2 + 2260*p - 19. Give a(18).
4697
Let i(b) = 863*b - 2649. Calculate i(3).
-60
Let c(g) = 270*g + 3232. Give c(-13).
-278
Let q(u) = 3*u**2 + 51094*u + 255412. Determine q(-5).
17
Let i(f) = -f**3 + 61*f**2 - 937*f + 73. Calculate i(30).
-137
Let b(u) = -u**3 - 67*u**2 - 419*u + 307. Give b(-8).
-117
Let i(o) = -o**2 - 93101*o + 279334. Calculate i(3).
22
Let o(h) = -7886*h + 7956. What is o(1)?
70
Let u(o) = 37*o**3 + 183*o**2 - 7*o - 4. Give u(-5).
-19
Let g(i) = -194*i**2 - 7951*i + 101. Calculate g(-41).
-22
Let h(i) = -i**3 + 61*i**2 - 84*i - 2442. Give h(59).
-436
Let z(l) = l**2 - 6320*l + 5499670. What is z(1042)?
-6
Let z(d) = -d**3 + 87*d**2 + 363*d + 75. What is z(91)?
-16
Let o(r) = 30*r**3 + 69*r**2 + 275*r - 28. Determine o(-4).
-1944
Let a(p) = -213*p**2 - 11933*p - 84. Determine a(-56).
196
Let t(p) = -726*p + 3760. What is t(7)?
-1322
Let g(m) = m**3 + 4*m**2 + 2224*m + 22547. Give g(-10).
-293
Let u(a) = 4273*a + 8378. Give u(-2).
-168
Let i(h) = -h**3 + 302*h**2 - 21898*h - 458. Determine i(121).
-95
Let k(j) = 6*j**2 + 1540*j - 6195. Determine k(4).
61
Let b(o) = -o**3 - 2*o**2 + 4*o - 50. Calculate b(-9).
481
Let g(p) = 8*p**2 + 1054*p - 4347. What is g(4)?
-3
Let k(s) = 1806665*s - 12646662. Calculate k(7).
-7
Let m(u) = -1196*u + 81375. What is m(68)?
47
Let i(b) = 2884*b - 69351. What is i(24)?
-135
Let x(h) = -15*h**2 - 2186*h - 3776. What is x(-144)?
-32
Let t(c) = -c**2 - 109*c + 1319. Calculate t(-112).
983
Let j(x) = -17955*x + 143240. Calculate j(8).
-400
Let h(b) = 302*b**2 - 22753*b + 7759. Determine h(75).
34
Let m(j) = -15769*j - 441338. Give m(-28).
194
Let n(v) = -6*v**2 - 971*v - 1046. Determine n(-162).
-1208
Let i(q) = q**3 - 48*q**2 - 639*q + 815. Determine i(59).
1405
Let j(f) = 3*f**3 + f**2 + 895*f + 7350. What is j(-8)?
-1282
Let p(y) = 2262*y + 31657. Give p(-14).
-11
Let s(q) = 4485*q + 29178. Give s(-7).
-2217
Let j(n) = 3*n**3 + 194*n**2 - 183*n - 7685. What is j(-65)?
-15
Let l(x) = 21*x**3 + 2*x**2 + 2097*x - 2096. Calculate l(1).
24
Let q(g) = 30*g**2 + 344*g + 40. Calculate q(-12).
232
Let r(m) = 13*m**2 + 1166*m + 5794. Give r(-5).
289
Let l(d) = 11*d**3 - 17*d**2 - 118*d - 185. Give l(-2).
-105
Let w(k) = -100*k + 1938. Determine w(18).
138
Let s(i) = 3*i**2 - 1927*i - 17291. Give s(-9).
295
Let z(y) = 23*y**3 + 157*y**2 + 38*y + 414. Give z(-7).
-48
Let h(c) = -c**3 + 11*c**2 + 432*c - 889. Calculate h(2).
11
Let s(u) = -u**3 - 33*u**2 + 400*u - 184. Determine s(9).
14
Let o(k) = -k**2 + 803*k - 12237. What is o(16)?
355
Let n(c) = c**3 + 122*c**2 + 531*c + 229. Determine n(-117).
6547
Let g(w) = -w**3 - 22*w**2 - 55*w - 388. Give g(-23).
1406
Let l(v) = 161*v**2 + 14514*v + 2112. Calculate l(-90).
-48
Let h(s) = 5*s**3 + 66*s**2 + 25*s + 154. Calculate h(-13).
-2
Let t(q) = 742*q + 28584. What is t(-38)?
388
Let a(u) = 20*u**3 + 552*u**2 + 190*u + 11. Calculate a(-27).
3629
Let n(u) = -13*u**2 - 1404*u + 5656. Determine n(4).
-168
Let q(i) = -60*i - 1927. Determine q(-42).
593
Let r(x) = 24*x + 3948. What is r(-49)?
2772
Let g(l) = -l**3 + 31*l**2 - 49*l + 58. Calculate g(13).
2463
Let z(s) = 5*s**3 + 31*s**2 - 73*s + 337. What is z(5)?
1372
Let x(s) = -3*s**2 + 1606*s + 24769. Calculate x(550).
569
Let z(c) = -3*c**2 - 278*c - 2568. Calculate z(-10).
-88
Let w(b) = b**3 + 15*b**2 - 61169*b - 978441. Determine w(-16).
7
Let u(q) = 15*q**3 + 206*q**2 - 555*q - 762. Give u(-1).
-16
Let l(t) = 37882*t + 1591055. Give l(-42).
11
Let x(g) = -42*g**2 - 417*g + 3153. What is x(5)?
18
Let i(t) = 108*t - 23090. Give i(215).
130
Let o(q) = -66*q**3 + 5*q**2 + 13*q - 45. Determine o(4).
-4137
Let r(b) = b**3 - 32*b**2 - 464*b - 1096. Determine r(43).
-709
Let y(b) = 50039*b + 350284. What is y(-7)?
11
Let x(y) = 7*y**3 + 1093*y**2 + 39886*y - 181. Determine x(-98).
-181
Let m(q) = -1884111*q - 1884085. What is m(-1)?
26
Let a(q) = q**2 + 1106*q + 278918. Give a(-389).
5
Let t(l) = 2*l**2 + 3245*l - 6485. Calculate t(2).
13
Let i(c) = -59239*c + 296173. Give i(5).
-22
Let c(g) = 15199*g + 380077. What is c(-25)?
102
Let l(x) = -64919*x - 649191. Determine l(-10).
-1
Let z(g) = 2012*g - 18082. Calculate z(9).
26
Let s(g) = 14022*g - 1107727. Calculate s(79).
11
Let n(z) = -z**3 + 145*z**2 - 5023*z - 4613. Calculate n(60).
7
Let x(i) = 1315543*i + 3946652. What is x(-3)?
23
Let q(b) = 1248*b + 419308. Determine q(-336).
-20
Let q(b) = 63*b + 478. What is q(-9)?
-89
Let p(b) = 7*b**2 - 107*b - 247. Determine p(16).
-167
Let a(p) = p**2 - 196714*p + 2360416. What is a(12)?
-8
Let w(o) = 6358*o + 247758. Determine w(-39).
-204
Let a(h) = -2*h**3 + 54*h**2 + 416*h - 3. Calculate a(-7).
417
Let s(j) = 3631*j**2 + 29067*j + 138. Calculate s(-8).
-14
Let f(a) = -a**3 + 138*a**2 + 560*a + 1320. What is f(142)?
184
Let g(v) = -v**3 + 93*v**2 - 202*v + 1670. Give g(91).
-150
Let j(v) = v**3 + 570*v**2 + 23120*v - 12622. What is j(-526)?
2
Let c(g) = -11*g**2 + 263*g + 13062. What is c(49)?
-462
Let s(p) = -4172*p**2 - 29221*p - 109. Determine s(-7).
10
Let q(z) = z**3 + 11*z**2 + 45*z + 143. What is q(-13)?
-780
Let h(a) = a**3 + 670*a**2 + 2683*a + 12666. Give h(-666).
12
Let c(v) = v**3 - 31*v**2 + 1959*v - 42985. What is c(24)?
-1
Let i(b) = b**2 - 52275*b - 1202859. What is i(-23)?
-5
Let f(k) = 104466*k - 835728. Calculate f(8).
0
Let v(k) = -29*k**2 - 1767*k - 123. Give v(-61).
-245
Let g(p) = -2*p**3 + 3*p**2 - 9331*p + 37397. Give g(4).
-7
Let i(f) = -31553*f - 631060. Give i(-20).
0
Let p(h) = -30*h**2 + 41*h - 86. What is p(2)?
-124
Let k(z) = -12*z**2 - 348*z + 365. Determine k(-33).
-1219
Let r(o) = 5*o**3 + 350*o**2 - 42*o - 2971. Give r(-70).
-31
Let u(p) = -2*p**3 - 14*p**2 + 9571*p + 76447. Determine u(-8).
7
Let p(x) = -69026*x + 276032. Give p(4).
-72
Let a(d) = -d**3 - 9*d**2 - 2371*d - 16501. What is a(-7)?
-2
Let a(x) = 464*x - 49162. Calculate a(106).
22
Let w(q) = -6*q**2 + 1691*q - 6455. What is w(278)?
-61
Let t(j) = j**2 + 83292*j + 499713. Calculate t(-6).
-3
Let m(n) = -19*n**2 + 3*n + 62. Determine m(9).
-1450
Let z(g) = -1261*g - 104495. Determine z(-83).
168
Let c(z) = -2*z**3 - 145*z**2 + 1747*z + 258. Determine c(-83).